{"id":19,"date":"2021-06-04T20:26:22","date_gmt":"2021-06-04T18:26:22","guid":{"rendered":"https:\/\/news.hepp2.com\/?page_id=19"},"modified":"2021-06-21T10:38:25","modified_gmt":"2021-06-21T08:38:25","slug":"home","status":"publish","type":"page","link":"https:\/\/info.hepp2.com\/index.php\/home\/","title":{"rendered":"Autoren"},"content":{"rendered":"\n<h2 class=\"wp-block-heading\">Profile<\/h2>\n\n\n\n<p>Kurzprofile unserer Autoren in der \u00dcbersicht.<\/p>\n\n\n\n<section class=\"wp-block-uagb-columns uagb-columns__wrap uagb-columns__background-undefined uagb-columns__stack-mobile uagb-columns__valign-undefined uagb-columns__gap-10 alignundefined uagb-block-607362d1\"><div class=\"uagb-columns__overlay\"><\/div><div class=\"uagb-columns__inner-wrap uagb-columns__columns-2\">\n<div class=\"wp-block-uagb-column uagb-column__wrap uagb-column__background-undefined uagb-block-b4b80ee3\"><div class=\"uagb-column__overlay\"><\/div><div class=\"uagb-column__inner-wrap\">\n<div class=\"wp-block-image\"><figure class=\"aligncenter size-large\"><img loading=\"lazy\" decoding=\"async\" width=\"1024\" height=\"1024\" src=\"https:\/\/news.hepp2.com\/wp-content\/uploads\/2021\/06\/PhilippBild1-1024x1024.png\" alt=\"Dipl.-Kfm. Philipp Stempfle\" class=\"wp-image-279\" srcset=\"https:\/\/info.hepp2.com\/wp-content\/uploads\/2021\/06\/PhilippBild1-1024x1024.png 1024w, https:\/\/info.hepp2.com\/wp-content\/uploads\/2021\/06\/PhilippBild1-300x300.png 300w, https:\/\/info.hepp2.com\/wp-content\/uploads\/2021\/06\/PhilippBild1-150x150.png 150w, https:\/\/info.hepp2.com\/wp-content\/uploads\/2021\/06\/PhilippBild1-768x768.png 768w, https:\/\/info.hepp2.com\/wp-content\/uploads\/2021\/06\/PhilippBild1.png 1200w\" sizes=\"auto, (max-width: 1024px) 100vw, 1024px\" \/><figcaption>Dipl.-Kfm. Philipp Stempfle<\/figcaption><\/figure><\/div>\n<\/div><\/div>\n\n\n\n<div class=\"wp-block-uagb-column uagb-column__wrap uagb-column__background-undefined uagb-block-058b65d0\"><div class=\"uagb-column__overlay\"><\/div><div class=\"uagb-column__inner-wrap\">\n<h2 class=\"wp-block-heading\">Dipl.-Kfm. Philipp Stempfle<\/h2>\n\n\n\n<p>Herr Philipp Stempfle, Jahrgang 1969, studierte an der Universit\u00e4t Regensburg unter anderem mit folgenden Schwerpunkten:<\/p>\n\n\n\n<ul class=\"wp-block-list\"><li>Makro\u00f6konomie<\/li><li>Steuern<\/li><li>Versicherungen<\/li><li>Bilanzen- und Bilanzierung<\/li><li>Finanzen und Finanzierung<\/li><li> Investitionsentscheidung<\/li><\/ul>\n\n\n\n<h2 class=\"wp-block-heading\">Themenschwerpunkte:<\/h2>\n\n\n\n<ul class=\"wp-block-list\"><li>Technische Details<\/li><li>Physikalische Gesetzm\u00e4\u00dfigkeiten<\/li><li>Kosteneffizienz<\/li><\/ul>\n<\/div><\/div>\n<\/div><\/section>\n\n\n\n<p><\/p>\n","protected":false},"excerpt":{"rendered":"<p>Profile Kurzprofile unserer Autoren in der \u00dcbersicht. Dipl.-Kfm. Philipp Stempfle Herr Philipp Stempfle, Jahrgang 1969, studierte an der Universit\u00e4t Regensburg unter anderem mit folgenden Schwerpunkten: Makro\u00f6konomie Steuern Versicherungen Bilanzen- und Bilanzierung Finanzen und Finanzierung Investitionsentscheidung Themenschwerpunkte: Technische Details Physikalische Gesetzm\u00e4\u00dfigkeiten Kosteneffizienz<\/p>\n","protected":false},"author":1,"featured_media":0,"parent":0,"menu_order":0,"comment_status":"closed","ping_status":"closed","template":"","meta":{"inline_featured_image":false,"_uag_custom_page_level_css":"","site-sidebar-layout":"default","site-content-layout":"default","ast-site-content-layout":"default","site-content-style":"default","site-sidebar-style":"default","ast-global-header-display":"","ast-banner-title-visibility":"","ast-main-header-display":"","ast-hfb-above-header-display":"","ast-hfb-below-header-display":"","ast-hfb-mobile-header-display":"","site-post-title":"","ast-breadcrumbs-content":"","ast-featured-img":"","footer-sml-layout":"","ast-disable-related-posts":"","theme-transparent-header-meta":"default","adv-header-id-meta":"","stick-header-meta":"default","header-above-stick-meta":"","header-main-stick-meta":"","header-below-stick-meta":"","astra-migrate-meta-layouts":"default","ast-page-background-enabled":"default","ast-page-background-meta":{"desktop":{"background-color":"","background-image":"","background-repeat":"repeat","background-position":"center center","background-size":"auto","background-attachment":"scroll","background-type":"","background-media":"","overlay-type":"","overlay-color":"","overlay-opacity":"","overlay-gradient":""},"tablet":{"background-color":"","background-image":"","background-repeat":"repeat","background-position":"center center","background-size":"auto","background-attachment":"scroll","background-type":"","background-media":"","overlay-type":"","overlay-color":"","overlay-opacity":"","overlay-gradient":""},"mobile":{"background-color":"","background-image":"","background-repeat":"repeat","background-position":"center center","background-size":"auto","background-attachment":"scroll","background-type":"","background-media":"","overlay-type":"","overlay-color":"","overlay-opacity":"","overlay-gradient":""}},"ast-content-background-meta":{"desktop":{"background-color":"var(--ast-global-color-5)","background-image":"","background-repeat":"repeat","background-position":"center center","background-size":"auto","background-attachment":"scroll","background-type":"","background-media":"","overlay-type":"","overlay-color":"","overlay-opacity":"","overlay-gradient":""},"tablet":{"background-color":"var(--ast-global-color-5)","background-image":"","background-repeat":"repeat","background-position":"center center","background-size":"auto","background-attachment":"scroll","background-type":"","background-media":"","overlay-type":"","overlay-color":"","overlay-opacity":"","overlay-gradient":""},"mobile":{"background-color":"var(--ast-global-color-5)","background-image":"","background-repeat":"repeat","background-position":"center center","background-size":"auto","background-attachment":"scroll","background-type":"","background-media":"","overlay-type":"","overlay-color":"","overlay-opacity":"","overlay-gradient":""}},"footnotes":""},"class_list":["post-19","page","type-page","status-publish","hentry"],"uagb_featured_image_src":{"full":false,"thumbnail":false,"medium":false,"medium_large":false,"large":false,"1536x1536":false,"2048x2048":false},"uagb_author_info":{"display_name":"Philipp Stempfle","author_link":"https:\/\/info.hepp2.com\/index.php\/author\/ps\/"},"uagb_comment_info":0,"uagb_excerpt":"Profile Kurzprofile unserer Autoren in der \u00dcbersicht. Dipl.-Kfm. Philipp Stempfle Herr Philipp Stempfle, Jahrgang 1969, studierte an der Universit\u00e4t Regensburg unter anderem mit folgenden Schwerpunkten: Makro\u00f6konomie Steuern Versicherungen Bilanzen- und Bilanzierung Finanzen und Finanzierung Investitionsentscheidung Themenschwerpunkte: Technische Details Physikalische Gesetzm\u00e4\u00dfigkeiten Kosteneffizienz","_links":{"self":[{"href":"https:\/\/info.hepp2.com\/index.php\/wp-json\/wp\/v2\/pages\/19","targetHints":{"allow":["GET"]}}],"collection":[{"href":"https:\/\/info.hepp2.com\/index.php\/wp-json\/wp\/v2\/pages"}],"about":[{"href":"https:\/\/info.hepp2.com\/index.php\/wp-json\/wp\/v2\/types\/page"}],"author":[{"embeddable":true,"href":"https:\/\/info.hepp2.com\/index.php\/wp-json\/wp\/v2\/users\/1"}],"replies":[{"embeddable":true,"href":"https:\/\/info.hepp2.com\/index.php\/wp-json\/wp\/v2\/comments?post=19"}],"version-history":[{"count":20,"href":"https:\/\/info.hepp2.com\/index.php\/wp-json\/wp\/v2\/pages\/19\/revisions"}],"predecessor-version":[{"id":307,"href":"https:\/\/info.hepp2.com\/index.php\/wp-json\/wp\/v2\/pages\/19\/revisions\/307"}],"wp:attachment":[{"href":"https:\/\/info.hepp2.com\/index.php\/wp-json\/wp\/v2\/media?parent=19"}],"curies":[{"name":"wp","href":"https:\/\/api.w.org\/{rel}","templated":true}]}}